2 + (-58 - -55) + -5.
-20
What is the value of -14 + (7 - 9) + 1 + 16?
1
What is 0 - (33 - 30) - -8 - (1 - 9)?
13
What is (-3 + -15 - -5) + 1 + 9 + -5?
-8
Evaluate 4105 - 4096 - (2 + -3 + 24 + 0).
-14
What is the value of -416 + 384 - ((-3 - 0) + -4)?
-25
What is -3 + 0 + -4 + (3 - -1)?
-3
What is (3 - (1 + 0)) + -43 + 39?
-2
Evaluate -12 + (-8 - (-31 - (-8 - -16))).
19
3 + -6 - (0 - (-3 + -8 + 9))
-5
What is -12 + 1 + 3 - (55 + -59)?
-4
9 + 2 + 3 + -9
5
Calculate (4 - -18) + -9 + -16.
-3
Evaluate (14 - 1) + -1 + (-23 - -22).
11
Evaluate (-10 - (-1 - -11)) + 17.
-3
What is the value of 2 + (5 - (64 + -55 - (-1 + 2)))?
-1
(-1 - 5) + 12 + 3 + -3
6
Calculate -5 + (7 - (5 + -3)) - (12 + -4).
-8
What is 7 - -1 - (-10 - (6 - 7 - 9))?
8
Calculate (16 - (15 + 14)) + 24.
11
What is 2 - -9 - (18 - 9 - 8)?
10
7 + -13 + 9 + 2
5
10 - (-3 + 1) - (-387 - -409)
-10
What is the value of 16 - 4 - -2 - (7 + (1 - 12))?
18
Evaluate (-5 - ((-4 - -2) + -1)) + (1 - 0).
-1
(24 + 0 - 6) + (9 - 12)
15
Calculate 0 + 10 + 0 + -12 + 8.
6
(0 - -5) + -6 + (6 - -2 - 16)
-9
What is the value of -21 + 16 + 9 + (4 - -5)?
13
Evaluate -28 - (8 + -18 + -4).
-14
What is 38 + -18 + -38 - (2 - -4 - 4)?
-20
24 - 3 - 7 - 29
-15
What is the value of (21 - (8 + 4 + 4 - 11)) + 8?
24
Calculate (-48 - -20) + -7 + 26.
-9
Calculate 1 + -9 - (944 - 935).
-17
-20 - (-28 - (17 - 35))
-10
What is (16 - 0) + 21 + (-46 - -11)?
2
Calculate (14 + (-9 - -6) - 21) + 16.
6
What is 7 + (9 - (23 + 0 + 0))?
-7
-1 + 18 + (-5 - -2) + (-61 - -57)
10
What is the value of ((-9 - -7) + -3 - (-7 + 0)) + -12?
-10
Calculate (3 + (0 - 8) - (-8 - 1)) + 3.
7
What is -3 + -12 + 5 + -4 + (6 - 3)?
-11
What is 3 + (-14 + 12 - (-2 + 1))?
2
What is the value of (-2 - -2 - -8 - (-1 + 2)) + -9?
-2
What is 12 - (-18 + 1 + 26)?
3
What is the value of -36 - (11 + -41 - -9)?
-15
What is the value of 3 + 1 + 28 + (16 - 40 - -18)?
26
4 - (-12 + (17 - 7 - -14))
-8
What is the value of (18 - (-36 - -107)) + 21?
-32
What is the value of -2 + -10 + 4 - -7?
-1
What is 11 + (15 - (15 - -4)) + 8?
15
Calculate -26 + (-34 - -66) - 38.
-32
Evaluate 11 - (24 - 13) - 10.
-10
-1 - (-4 - -1) - (-714 + 722)
-6
What is the value of 7 - 1 - (55 + (-35 - -7))?
-21
Calculate 4 + (8 - 9) + 10 + -4.
9
What is 0 + -6 - (19 - 10 - 5) - -5?
-5
What is 2 + -18 + 1 + -3?
-18
What is the value of -12 + 0 - (9 - -23 - 31)?
-13
Evaluate 4 + 19 + -33 + 23.
13
Calculate 4 + (-13 - (-1 - 0)) + (-42 - -65).
15
-6 + (11 + -7 - 2) + (-1 - 8)
-13
Calculate 22 - ((34 - 0) + -34).
22
14 - 43 - (-14 - 25)
10
What is the value of 3 - 0 - (20 + -10) - 10?
-17
Calculate -1 + (-9 - (-2 - 7)) - 5.
-6
What is -14 + (-16 - (-25 - -13 - -4))?
-22
What is (-17 + -10 - -7 - -11) + (0 - -3)?
-6
Evaluate (72 - 75 - (-1 - 1)) + -6.
-7
What is (-14 - 0) + 2 + 5 + -11 + 12?
-6
Evaluate -85 + 65 - (0 + -18).
-2
What is 34 + (33 + -62 - -26)?
31
What is 8 + (0 - 3) + (-8 - -6) - -7?
10
What is the value of -7 - (4 + -2 + (-18 - (2 - 7)))?
4
What is the value of (18 + 6 + -12 - (27 + -14)) + 41?
40
What is -2 + (-1 - 2) + (-9 - -7) + -6?
-13
What is the value of 39 + -41 + (-1 - -3) + 11?
11
What is 1 + -1 + -8 + (20 - 3) + 2?
11
What is the value of -6 + (2 - 2) + 4 + (-4 - -10)?
4
What is the value of ((9 - 0) + -5 - (7 + -2)) + 0?
-1
What is -7 - ((-44 - -20) + 12 + -6)?
11
Calculate -9 - (2 + (-1 - -3 - (25 + -30))).
-18
What is 3 + 19 + -5 - 11?
6
What is the value of -3 + -18 + (6 - -12)?
-3
Evaluate 20 + (-3 - 4) - 7.
6
What is 7 + -1 + 6 + (-22 - -21)?
11
What is the value of (-19 + 23 - 25) + 55?
34
What is the value of -13 + 22 + (5 - (-3 - -8)) + -25?
-16
Calculate (-3 + 3 - 22) + 64 + -58.
-16
What is the value of 1 + -18 + 7 - (-2 - (-2 - -4))?
-6
Evaluate (75 - 35) + -29 - (1 + 17).
-7
What is 4 + -2 + -3 + -2 + 6?
3
What is the value of 6 + 12 - 2 - -1?
17
What is -23 - -7 - (-13 - -8)?
-11
Evaluate -2 - (5 - 13) - -4.
10
Calculate 2 + -36 + -8 + 11.
-31
(-8 - (-16 - (6 - -5))) + 0
19
Evaluate (8 - -26) + (-23 - -13).
24
What is 3 + (-2 - -11) + -3 + (208 - 194)?
23
What is the value of 10 - -25 - (33 + -33)?
35
Calculate -1 - 1 - (-177 + 187).
-12
38 - -3 - (85 - 69)
25
What is the value of -65 + -19 + 31 - -31?
-22
What is the value of 3 + -3 + 6 - -11?
17
What is 79 - 69 - (-1 - (-2 + 4))?
13
Calculate (1 - 1) + 1 + -2 + (11 - 4).
6
What is the value of 1 + ((16 - 6) + -11 - (-1 - -8))?
-7
Calculate -35 + (5 - (-15 + 9 + -1)).
-23
What is 1 - (2 + -1) - (20 - (27 - 11))?
-4
Calculate (9 - 3) + (-1 - -5) + 2.
12
1 + -20 + (-39 - -47) - (-2 - 5)
-4
What is -1 - -10 - ((15 - (2 + 5)) + -7)?
8
What is the value of 0 - (22 - (-26 - -29))?
-19
What is the value of (-10 + 9 - (-4 + -6)) + 6?
15
What is the value of 4 + (23 - 24) + (-3 - -1)?
1
Calculate (1 - 0) + (9 - (13 + 11 + -45)).
31
(-22 - -20) + (2 - -5)
5
(-5 - (12 + 0)) + 4 - -31
18
What is the value of 41 - (-79 - -77) - (-1 + 10)?
34
Evaluate (53 - -27 - 46) + -34.
0
Evaluate -71 + 84 - (3 + 1 + -5).
14
Calculate (0 - 0 - 4 - (15 + -13)) + 7.
1
What is (9 - 3) + 1 + -1 - (-3 - -1)?
8
Calculate (-33 - (-3 + -1 - (57 + -63))) + 0.
-35
Calculate 10 + -8 - ((25 - 0) + (2 - 5)).
-20
What is 24 + -39 - (4 + 3)?
-22
What is (-13 - (15 - 27) - -10) + (-5 - -1)?
5
Evaluate (-49 - -47) + (1 - -2) + 5 - -6.
12
What is -2 + (-6 - -11) + 1 + 2 + 5?
11
What is the value of (-1 - (7 + -6) - 5) + (7 - 14)?
-14
(2 + -17 - -11) + -12
-16
Evaluate -16 - (-19 + -10 + (10 - -10)).
-7
Calculate -41 - -40 - (5 - -1).
-7
(-11 - -4) + 18 + -5 + 0
6
40 - -4 - (26 + -2)
20
31 + -63 + 50 + (-1 - 13)
4
Evaluate 1 + 9 - (-21 - -22).
9
Evaluate (37 - 39) + (-1 - 7) - -16.
6
What is 13 + -11 + -6 + -2 + 2?
-4
What is the value of 64 - -1 - (325 + -289)?
29
What is the value of -2 - ((3 - (7 - 8)) + (0 - 1))?
-5
Calculate (-33 - -39) + (2 - (15 + (0 - -1))).
-8
Calculate (-5 + -35 - -20) + 38.
18
What is the value of 0 + -3 - (-11 + (-4 - -26 - 26))?
12
What is 27 + -12 + 4 + -33 + -8 + 2?
-20
Calculate (30 - 9) + (-15 - -8).
14
Calculate (9 - -5) + -17 - (-2 + -22).
21
(29 - (87 + -52)) + -15 + (1 - 0)
-20
What is (-3 - -3) + -10 - (1 + -2)?
-9
What is the value of 4 - (0 + 1 - 10 - -6)?
7
What is -3 - (5 - 2) - (-6 + (4 - -4))?
-8
What is the value of -28 - (-2 - (0 + -3 - (36 + -30)))?
-35
What is -2 + 2 - 15 - (690 - 717)?
12
-24 - (-7 + 36 + -57)
4
Calculate -13 + -25 - ((5 - 17) + 2).
-28
What is the value of 8 - ((30 - 10) + -13) - (7 + -1)?
-5
-4 + 3 + 10 + (-5 - 17 - -14)
1
What is the value of 17 + -1 + (-44 - -40) + -1 + -3?
8
What is the value of -125 - -128 - (3 - 1)?
1
What is the value of 5 + (-17 - -7 - 3)?
-8
What is 8 + -8 + (-1 - -12) + 6?
17
(4 - -2) + (-4 - (-6 + -7))
15
What is the value of -2 + (-1 - -1) - 4 - -14?
8
What is the value of 1 - (2 - 9 - (0 + -4 - -4))?
8
Evaluate 8 + (-10 - -8) - (-10 + 8 - 1).
9
(12 - 7) + 36 - 12 - (6 + -2)
25
Calculate (6 - -1) + (4 - -5) + 27 + -34.
9
What is the value of 15 - -6 - (6 + (-5 - -7) + -2)?
15
(-4 - (-10 + -1) - 10) + -8
-11
Evaluate 6 - (2 - (-16 + (-7 - -6 - -6))).
-7
What is the value of 23 + (20 + -15 - 18)?
10
Calculate (-1 - 13) + (6 - 5) + (-9 - -14).
-8
What is the value of -2 + -35 + 32 - -4?
-1
-1 + -1 - (0 + -19 - -16)
1
What is 2 + 68 + 1020 + -1050?
40
Evaluate -25 + 6 + 33 + -29.
-15
Evaluate -11 - (1 + (4 + -10 - -6) - 5).
-7
What is (-2 - -5) + (0 - (-13 - -33))?
-17
(-2 - -4) + -16 + (3 - 6)
-17
What is -7 + 13 + -6 + (-2 - (13 + 4))?
-19
What is (-13 - (-39 + 18)) + (-1 - 10)?
-3
Calculate 8 + 0 + -5 + (-4 - 7).
-8
What is the value of (11 - 6) + -11 + 9 + 9?
12
1 - (3 + (-10 - -14 - 3))
-3
Calculate (6 - (7 + (-3 - -2))) + 28 + -47.
-19
Evaluate 7 - ((-8 - (4 - 6) - -6) + 14).
-7
What is 3 + -5 + (-1 - 0) + 8 + -2?
3
Evaluate -76 - -54 - (2 + -9 + 9).
-24
What is the value of (16 - -10 - 30) + (0 + -7 - 1)?
-12
What is -32 - (-62 - (39 - 41))?
28
Evaluate 8 - (-11 + 1 + 2 + -21 + 22).
15
Calculate -5 - -12 - (0 - -9 - 5).
3
Evaluate -1 + (1 - 1) + (-650 - -646).
-5
What is the value of -7 + (-3 - (0 + 2))?
-12
What is (7 + -33 - -25) + 17 + -2?
14
Calculate 5 + (4 - 20) + 5 + -6 + 2.
-10
Calculate (-3 - -4) + 4 + -3 + (-10 - 7).
-15
What is the value of (8 - -3) + -19 + 17?
9
Calculate 20 - (-7 - -51 - 50).
26
Evaluate (5 - (3 - 2)) + (1379 - 1342).
41
Wha